{"id":1145,"date":"2022-07-08T13:15:45","date_gmt":"2022-07-08T13:15:45","guid":{"rendered":"https:\/\/demo.creativethemes.com\/elementor\/cleaning-service\/?page_id=3"},"modified":"2023-05-26T09:39:05","modified_gmt":"2023-05-26T09:39:05","slug":"privacy-policy-2","status":"publish","type":"page","link":"https:\/\/retail.alojar.pt\/retail-hydro\/privacy-policy-2\/","title":{"rendered":"POL\u00cdTICA DA QUALIDADE"},"content":{"rendered":"\t\t<div data-elementor-type=\"wp-page\" data-elementor-id=\"1145\" class=\"elementor elementor-1145\">\n\t\t\t\t\t\t<section class=\"elementor-section elementor-top-section elementor-element elementor-element-52df4919 elementor-section-boxed elementor-section-height-default elementor-section-height-default\" data-id=\"52df4919\" data-element_type=\"section\">\n\t\t\t\t\t\t<div class=\"elementor-container elementor-column-gap-default\">\n\t\t\t\t\t<div class=\"elementor-column elementor-col-100 elementor-top-column elementor-element elementor-element-aa0d26b\" data-id=\"aa0d26b\" data-element_type=\"column\">\n\t\t\t<div class=\"elementor-widget-wrap elementor-element-populated\">\n\t\t\t\t\t\t<div class=\"elementor-element elementor-element-36a11204 elementor-widget elementor-widget-text-editor\" data-id=\"36a11204\" data-element_type=\"widget\" data-widget_type=\"text-editor.default\">\n\t\t\t\t<div class=\"elementor-widget-container\">\n\t\t\t\t\t\t\t<!-- wp:heading -->\n<p><strong>MISS\u00c3O, VIS\u00c3O, VALORES E POL\u00cdTICA DA QUALIDADE<\/strong><\/p>\n<p><strong>1. Miss\u00e3o<\/strong><br \/>A Retail Hydro Lda, dar resposta \u00e0s necessidades dos seus clientes, oferecendo solu\u00e7\u00f5es eficazes, a<br \/>pre\u00e7os competitivos e prazos reduzidos, bem como, a satisfa\u00e7\u00e3o dos seus clientes, trabalhadores e parceiros<br \/>de neg\u00f3cio que s\u00e3o a chave do seu sucesso.<\/p>\n<p><br \/><strong>2. Vis\u00e3o<\/strong><br \/>A Retail Hydro Lda., quer ser o parceiro preferencial dos seus clientes. Refor\u00e7ar os seus recursos de<br \/>forma a poder aumentar a sua produ\u00e7\u00e3o.<\/p>\n<p><br \/><strong>3. Valores<\/strong><br \/>A Retail Hydro Lda., assenta os seus princ\u00edpios em:<\/p>\n<p>&#8211; Honestidade e transpar\u00eancia, com todos;<br \/>&#8211; Trabalho em equipa, todos juntos num \u00fanico objetivo;<br \/>&#8211; Dedica\u00e7\u00e3o e disponibilidade, para honrar os nossos compromissos;<br \/>&#8211; Ambi\u00e7\u00e3o e profissionalismo, mais e melhor.<\/p>\n<p><br \/><strong>4. Pol\u00edtica da Qualidade<\/strong><br \/>A pol\u00edtica da qualidade da Retail Hydro Lda., assenta num objetivo de melhoria cont\u00ednua dos servi\u00e7os<br \/>que presta, num sector de atividade em que a qualidade e a rapidez s\u00e3o fatores essenciais na confian\u00e7a e<br \/>fideliza\u00e7\u00e3o dos clientes.<\/p>\n<p><br \/>Neste sentido, a pol\u00edtica tem os seguintes princ\u00edpios:<br \/>&#8211; Compromisso no cumprimento dos requisitos do Sistema de Gest\u00e3o de Qualidade, nomeadamente, os<br \/>requisitos dos clientes, os regulamentares e legais, entre outros, garantindo assim a satisfa\u00e7\u00e3o de<br \/>todas as partes interessadas;<br \/>&#8211; Procura da satisfa\u00e7\u00e3o dos nossos clientes, prestando o melhor servi\u00e7o, de forma a atingir o objetivo de<br \/>continuidade e de ser o parceiro preferencial no seu ramo de atividade;<br \/>&#8211; Qualidade e rigor no desempenho das tarefas;<br \/>&#8211; Manter, melhorar e criar parcerias com fornecedores tendo em vista o conhecimento em primeira m\u00e3o<br \/>das inova\u00e7\u00f5es e um aumento da capacidade de resposta \u00e0s exig\u00eancias do mercado;<br \/>&#8211; Trabalho de equipa e dedica\u00e7\u00e3o de todos os trabalhadores no Sistema de Gest\u00e3o de Qualidade;<br \/>&#8211; Proporcionar forma\u00e7\u00e3o e informa\u00e7\u00e3o aos trabalhadores para um melhor desempenho das suas<br \/>fun\u00e7\u00f5es, com qualidade;<br \/>&#8211; Motiva\u00e7\u00e3o e envolvimento dos trabalhadores com vista \u00e0 melhoria cont\u00ednua do Sistema de Gest\u00e3o de<br \/>Qualidade.<\/p>\n<!-- \/wp:paragraph -->\t\t\t\t\t\t<\/div>\n\t\t\t\t<\/div>\n\t\t\t\t\t<\/div>\n\t\t<\/div>\n\t\t\t\t\t<\/div>\n\t\t<\/section>\n\t\t\t\t<\/div>\n\t\t","protected":false},"excerpt":{"rendered":"<p>MISS\u00c3O, VIS\u00c3O, VALORES E POL\u00cdTICA DA QUALIDADE 1. Miss\u00e3oA Retail Hydro Lda, dar resposta \u00e0s necessidades dos seus clientes, oferecendo solu\u00e7\u00f5es eficazes, apre\u00e7os competitivos e prazos reduzidos, bem como, a satisfa\u00e7\u00e3o dos seus clientes, trabalhadores e parceirosde neg\u00f3cio que s\u00e3o a chave do seu sucesso. 2. Vis\u00e3oA Retail Hydro Lda., quer ser o parceiro preferencial [&hellip;]<\/p>\n","protected":false},"author":7,"featured_media":0,"parent":0,"menu_order":0,"comment_status":"closed","ping_status":"closed","template":"","meta":{"footnotes":""},"class_list":["post-1145","page","type-page","status-publish","hentry"],"blocksy_meta":{"styles_descriptor":{"styles":{"desktop":"","tablet":"","mobile":""},"google_fonts":[],"version":6}},"aioseo_notices":[],"yoast_head":"<!-- This site is optimized with the Yoast SEO plugin v23.9 - https:\/\/yoast.com\/wordpress\/plugins\/seo\/ -->\n<title>POL\u00cdTICA DA QUALIDADE - Retail Hydro<\/title>\n<meta name=\"robots\" content=\"index, follow, max-snippet:-1, max-image-preview:large, max-video-preview:-1\" \/>\n<link rel=\"canonical\" href=\"https:\/\/retail.alojar.pt\/retail-hydro\/privacy-policy-2\/\" \/>\n<meta property=\"og:locale\" content=\"pt_PT\" \/>\n<meta property=\"og:type\" content=\"article\" \/>\n<meta property=\"og:title\" content=\"POL\u00cdTICA DA QUALIDADE - Retail Hydro\" \/>\n<meta property=\"og:description\" content=\"MISS\u00c3O, VIS\u00c3O, VALORES E POL\u00cdTICA DA QUALIDADE 1. Miss\u00e3oA Retail Hydro Lda, dar resposta \u00e0s necessidades dos seus clientes, oferecendo solu\u00e7\u00f5es eficazes, apre\u00e7os competitivos e prazos reduzidos, bem como, a satisfa\u00e7\u00e3o dos seus clientes, trabalhadores e parceirosde neg\u00f3cio que s\u00e3o a chave do seu sucesso. 2. Vis\u00e3oA Retail Hydro Lda., quer ser o parceiro preferencial [&hellip;]\" \/>\n<meta property=\"og:url\" content=\"https:\/\/retail.alojar.pt\/retail-hydro\/privacy-policy-2\/\" \/>\n<meta property=\"og:site_name\" content=\"Retail Hydro\" \/>\n<meta property=\"article:modified_time\" content=\"2023-05-26T09:39:05+00:00\" \/>\n<meta name=\"twitter:card\" content=\"summary_large_image\" \/>\n<meta name=\"twitter:label1\" content=\"Tempo estimado de leitura\" \/>\n\t<meta name=\"twitter:data1\" content=\"2 minutos\" \/>\n<script type=\"application\/ld+json\" class=\"yoast-schema-graph\">{\"@context\":\"https:\/\/schema.org\",\"@graph\":[{\"@type\":\"WebPage\",\"@id\":\"https:\/\/retail.alojar.pt\/retail-hydro\/privacy-policy-2\/\",\"url\":\"https:\/\/retail.alojar.pt\/retail-hydro\/privacy-policy-2\/\",\"name\":\"POL\u00cdTICA DA QUALIDADE - Retail Hydro\",\"isPartOf\":{\"@id\":\"https:\/\/retail.alojar.pt\/retail-hydro\/#website\"},\"datePublished\":\"2022-07-08T13:15:45+00:00\",\"dateModified\":\"2023-05-26T09:39:05+00:00\",\"breadcrumb\":{\"@id\":\"https:\/\/retail.alojar.pt\/retail-hydro\/privacy-policy-2\/#breadcrumb\"},\"inLanguage\":\"pt-PT\",\"potentialAction\":[{\"@type\":\"ReadAction\",\"target\":[\"https:\/\/retail.alojar.pt\/retail-hydro\/privacy-policy-2\/\"]}]},{\"@type\":\"BreadcrumbList\",\"@id\":\"https:\/\/retail.alojar.pt\/retail-hydro\/privacy-policy-2\/#breadcrumb\",\"itemListElement\":[{\"@type\":\"ListItem\",\"position\":1,\"name\":\"In\u00edcio\",\"item\":\"https:\/\/retail.alojar.pt\/retail-hydro\/\"},{\"@type\":\"ListItem\",\"position\":2,\"name\":\"POL\u00cdTICA DA QUALIDADE\"}]},{\"@type\":\"WebSite\",\"@id\":\"https:\/\/retail.alojar.pt\/retail-hydro\/#website\",\"url\":\"https:\/\/retail.alojar.pt\/retail-hydro\/\",\"name\":\"Retail Hydro\",\"description\":\"Instala\u00e7\u00f5es hidr\u00e1ulicas\",\"publisher\":{\"@id\":\"https:\/\/retail.alojar.pt\/retail-hydro\/#organization\"},\"potentialAction\":[{\"@type\":\"SearchAction\",\"target\":{\"@type\":\"EntryPoint\",\"urlTemplate\":\"https:\/\/retail.alojar.pt\/retail-hydro\/?s={search_term_string}\"},\"query-input\":{\"@type\":\"PropertyValueSpecification\",\"valueRequired\":true,\"valueName\":\"search_term_string\"}}],\"inLanguage\":\"pt-PT\"},{\"@type\":\"Organization\",\"@id\":\"https:\/\/retail.alojar.pt\/retail-hydro\/#organization\",\"name\":\"Retail Hydro\",\"url\":\"https:\/\/retail.alojar.pt\/retail-hydro\/\",\"logo\":{\"@type\":\"ImageObject\",\"inLanguage\":\"pt-PT\",\"@id\":\"https:\/\/retail.alojar.pt\/retail-hydro\/#\/schema\/logo\/image\/\",\"url\":\"https:\/\/retail.alojar.pt\/retail-hydro\/wp-content\/uploads\/sites\/3\/2024\/04\/1.png\",\"contentUrl\":\"https:\/\/retail.alojar.pt\/retail-hydro\/wp-content\/uploads\/sites\/3\/2024\/04\/1.png\",\"width\":500,\"height\":195,\"caption\":\"Retail Hydro\"},\"image\":{\"@id\":\"https:\/\/retail.alojar.pt\/retail-hydro\/#\/schema\/logo\/image\/\"}}]}<\/script>\n<!-- \/ Yoast SEO plugin. -->","yoast_head_json":{"title":"POL\u00cdTICA DA QUALIDADE - Retail Hydro","robots":{"index":"index","follow":"follow","max-snippet":"max-snippet:-1","max-image-preview":"max-image-preview:large","max-video-preview":"max-video-preview:-1"},"canonical":"https:\/\/retail.alojar.pt\/retail-hydro\/privacy-policy-2\/","og_locale":"pt_PT","og_type":"article","og_title":"POL\u00cdTICA DA QUALIDADE - Retail Hydro","og_description":"MISS\u00c3O, VIS\u00c3O, VALORES E POL\u00cdTICA DA QUALIDADE 1. Miss\u00e3oA Retail Hydro Lda, dar resposta \u00e0s necessidades dos seus clientes, oferecendo solu\u00e7\u00f5es eficazes, apre\u00e7os competitivos e prazos reduzidos, bem como, a satisfa\u00e7\u00e3o dos seus clientes, trabalhadores e parceirosde neg\u00f3cio que s\u00e3o a chave do seu sucesso. 2. Vis\u00e3oA Retail Hydro Lda., quer ser o parceiro preferencial [&hellip;]","og_url":"https:\/\/retail.alojar.pt\/retail-hydro\/privacy-policy-2\/","og_site_name":"Retail Hydro","article_modified_time":"2023-05-26T09:39:05+00:00","twitter_card":"summary_large_image","twitter_misc":{"Tempo estimado de leitura":"2 minutos"},"schema":{"@context":"https:\/\/schema.org","@graph":[{"@type":"WebPage","@id":"https:\/\/retail.alojar.pt\/retail-hydro\/privacy-policy-2\/","url":"https:\/\/retail.alojar.pt\/retail-hydro\/privacy-policy-2\/","name":"POL\u00cdTICA DA QUALIDADE - Retail Hydro","isPartOf":{"@id":"https:\/\/retail.alojar.pt\/retail-hydro\/#website"},"datePublished":"2022-07-08T13:15:45+00:00","dateModified":"2023-05-26T09:39:05+00:00","breadcrumb":{"@id":"https:\/\/retail.alojar.pt\/retail-hydro\/privacy-policy-2\/#breadcrumb"},"inLanguage":"pt-PT","potentialAction":[{"@type":"ReadAction","target":["https:\/\/retail.alojar.pt\/retail-hydro\/privacy-policy-2\/"]}]},{"@type":"BreadcrumbList","@id":"https:\/\/retail.alojar.pt\/retail-hydro\/privacy-policy-2\/#breadcrumb","itemListElement":[{"@type":"ListItem","position":1,"name":"In\u00edcio","item":"https:\/\/retail.alojar.pt\/retail-hydro\/"},{"@type":"ListItem","position":2,"name":"POL\u00cdTICA DA QUALIDADE"}]},{"@type":"WebSite","@id":"https:\/\/retail.alojar.pt\/retail-hydro\/#website","url":"https:\/\/retail.alojar.pt\/retail-hydro\/","name":"Retail Hydro","description":"Instala\u00e7\u00f5es hidr\u00e1ulicas","publisher":{"@id":"https:\/\/retail.alojar.pt\/retail-hydro\/#organization"},"potentialAction":[{"@type":"SearchAction","target":{"@type":"EntryPoint","urlTemplate":"https:\/\/retail.alojar.pt\/retail-hydro\/?s={search_term_string}"},"query-input":{"@type":"PropertyValueSpecification","valueRequired":true,"valueName":"search_term_string"}}],"inLanguage":"pt-PT"},{"@type":"Organization","@id":"https:\/\/retail.alojar.pt\/retail-hydro\/#organization","name":"Retail Hydro","url":"https:\/\/retail.alojar.pt\/retail-hydro\/","logo":{"@type":"ImageObject","inLanguage":"pt-PT","@id":"https:\/\/retail.alojar.pt\/retail-hydro\/#\/schema\/logo\/image\/","url":"https:\/\/retail.alojar.pt\/retail-hydro\/wp-content\/uploads\/sites\/3\/2024\/04\/1.png","contentUrl":"https:\/\/retail.alojar.pt\/retail-hydro\/wp-content\/uploads\/sites\/3\/2024\/04\/1.png","width":500,"height":195,"caption":"Retail Hydro"},"image":{"@id":"https:\/\/retail.alojar.pt\/retail-hydro\/#\/schema\/logo\/image\/"}}]}},"rttpg_featured_image_url":null,"rttpg_author":{"display_name":"anapeixoto","author_link":"https:\/\/retail.alojar.pt\/retail-hydro\/author\/anapeixoto\/"},"rttpg_comment":0,"rttpg_category":null,"rttpg_excerpt":"MISS\u00c3O, VIS\u00c3O, VALORES E POL\u00cdTICA DA QUALIDADE 1. Miss\u00e3oA Retail Hydro Lda, dar resposta \u00e0s necessidades dos seus clientes, oferecendo solu\u00e7\u00f5es eficazes, apre\u00e7os competitivos e prazos reduzidos, bem como, a satisfa\u00e7\u00e3o dos seus clientes, trabalhadores e parceirosde neg\u00f3cio que s\u00e3o a chave do seu sucesso. 2. Vis\u00e3oA Retail Hydro Lda., quer ser o parceiro preferencial&hellip;","_links":{"self":[{"href":"https:\/\/retail.alojar.pt\/retail-hydro\/wp-json\/wp\/v2\/pages\/1145","targetHints":{"allow":["GET"]}}],"collection":[{"href":"https:\/\/retail.alojar.pt\/retail-hydro\/wp-json\/wp\/v2\/pages"}],"about":[{"href":"https:\/\/retail.alojar.pt\/retail-hydro\/wp-json\/wp\/v2\/types\/page"}],"author":[{"embeddable":true,"href":"https:\/\/retail.alojar.pt\/retail-hydro\/wp-json\/wp\/v2\/users\/7"}],"replies":[{"embeddable":true,"href":"https:\/\/retail.alojar.pt\/retail-hydro\/wp-json\/wp\/v2\/comments?post=1145"}],"version-history":[{"count":12,"href":"https:\/\/retail.alojar.pt\/retail-hydro\/wp-json\/wp\/v2\/pages\/1145\/revisions"}],"predecessor-version":[{"id":1877,"href":"https:\/\/retail.alojar.pt\/retail-hydro\/wp-json\/wp\/v2\/pages\/1145\/revisions\/1877"}],"wp:attachment":[{"href":"https:\/\/retail.alojar.pt\/retail-hydro\/wp-json\/wp\/v2\/media?parent=1145"}],"curies":[{"name":"wp","href":"https:\/\/api.w.org\/{rel}","templated":true}]}}