{"id":1476,"date":"2023-01-29T20:22:24","date_gmt":"2023-01-29T20:22:24","guid":{"rendered":"https:\/\/retail.alojar.pt\/avelinorte\/?page_id=1476"},"modified":"2023-01-29T20:25:43","modified_gmt":"2023-01-29T20:25:43","slug":"politica-de-sst","status":"publish","type":"page","link":"https:\/\/retail.alojar.pt\/avelinorte\/politica-de-sst\/","title":{"rendered":"Pol\u00edtica de SST"},"content":{"rendered":"\t\t<div data-elementor-type=\"wp-page\" data-elementor-id=\"1476\" class=\"elementor elementor-1476\">\n\t\t\t\t\t\t<section class=\"elementor-section elementor-top-section elementor-element elementor-element-6ba0eff2 elementor-section-boxed elementor-section-height-default elementor-section-height-default\" data-id=\"6ba0eff2\" data-element_type=\"section\">\n\t\t\t\t\t\t<div class=\"elementor-container elementor-column-gap-default\">\n\t\t\t\t\t<div class=\"elementor-column elementor-col-100 elementor-top-column elementor-element elementor-element-7a199c32\" data-id=\"7a199c32\" data-element_type=\"column\">\n\t\t\t<div class=\"elementor-widget-wrap elementor-element-populated\">\n\t\t\t\t\t\t<div class=\"elementor-element elementor-element-5bcaa74a elementor-widget elementor-widget-text-editor\" data-id=\"5bcaa74a\" data-element_type=\"widget\" data-widget_type=\"text-editor.default\">\n\t\t\t\t<div class=\"elementor-widget-container\">\n\t\t\t\t\t\t\t<p><!-- wp:heading --><\/p>\n<p><strong>POL\u00cdTICA DE SEGURAN\u00c7A E SA\u00daDE NO TRABALHO<\/strong><\/p>\n<p>A Pol\u00edtica e os princ\u00edpios basilares da Avelinorte, no dom\u00ednio da seguran\u00e7a e sa\u00fade no trabalho, s\u00e3o permanentemente atualizados, consubstanciando esta miss\u00e3o num dos pilares cruciais da gest\u00e3o empresarial, manifestando-se, em todas as decis\u00f5es tomadas pela Organiza\u00e7\u00e3o.<\/p>\n<p>Nunca menosprezando a import\u00e2ncia e relev\u00e2ncia do setor no qual desenvolve a sua atividade, e na capacidade de influenciar a qualidade de vida dos seus trabalhadores, colaboradores e terceiros, a Avelinorte \u2013 Gessos Cartonado e Pintura, Lda., <strong>compromete-se<\/strong> a proporcionar um ambiente saud\u00e1vel e seguro a todos os seus trabalhadores, colaboradores e a terceiros, atrav\u00e9s dos seguintes princ\u00edpios orientadores:<\/p>\n<ul>\n<li>Garantir o cumprimento da legisla\u00e7\u00e3o, regulamenta\u00e7\u00e3o e requisitos em vigor, bem como de outros aplic\u00e1veis \u00e0 sua atividade;<\/li>\n<li>Garantir que s\u00e3o sistematicamente assegurados todos os aspetos relacionados com a seguran\u00e7a e a sa\u00fade no trabalho;<\/li>\n<li>Eliminar, reduzir e controlar os riscos em todas as suas \u00e1reas de atividade, com o objetivo de prevenir incidentes, acidentes e doen\u00e7as profissionais;<\/li>\n<li>Promover a forma\u00e7\u00e3o e informa\u00e7\u00e3o de todos os que trabalham sob o controlo da Avelinorte \u2013 Gessos Cartonado e Pintura, Lda., sensibilizando-os para a necessidade de envolvimento de todos no cumprimento das normas de Seguran\u00e7a;<\/li>\n<li>Usar o melhor conhecimento dispon\u00edvel para eliminar os perigos e reduzir os riscos para a SST;<\/li>\n<li>Proporcionar o desenvolvimento de compet\u00eancias dos trabalhadores, necess\u00e1rias ao desempenho das suas fun\u00e7\u00f5es, consultando-os, motivando-os para a sua participa\u00e7\u00e3o e envolvimento e sensibilizando-os simultaneamente para as suas responsabilidades no \u00e2mbito do sistema de gest\u00e3o;<\/li>\n<li>Promover, junto dos seus Subcontratados e terceiros, a ado\u00e7\u00e3o de boas pr\u00e1ticas coerentes com a presente Pol\u00edtica, incentivando parcerias que cumpram os requisitos legais e outros definidos pela Organiza\u00e7\u00e3o no \u00e2mbito da Seguran\u00e7a e Sa\u00fade no Trabalho;<\/li>\n<li>Disponibilizar os recursos necess\u00e1rios para garantir o cumprimento dos princ\u00edpios definidos nesta pol\u00edtica.<\/li>\n<\/ul>\n<p><!-- \/wp:heading --><\/p>\t\t\t\t\t\t<\/div>\n\t\t\t\t<\/div>\n\t\t\t\t\t<\/div>\n\t\t<\/div>\n\t\t\t\t\t<\/div>\n\t\t<\/section>\n\t\t\t\t<\/div>\n\t\t","protected":false},"excerpt":{"rendered":"<p>POL\u00cdTICA DE SEGURAN\u00c7A E SA\u00daDE NO TRABALHO A Pol\u00edtica e os princ\u00edpios basilares da Avelinorte, no dom\u00ednio da seguran\u00e7a e sa\u00fade no trabalho, s\u00e3o permanentemente atualizados, consubstanciando esta miss\u00e3o num dos pilares cruciais da gest\u00e3o empresarial, manifestando-se, em todas as decis\u00f5es tomadas pela Organiza\u00e7\u00e3o. Nunca menosprezando a import\u00e2ncia e relev\u00e2ncia do setor no qual desenvolve [&hellip;]<\/p>\n","protected":false},"author":7,"featured_media":0,"parent":0,"menu_order":0,"comment_status":"closed","ping_status":"open","template":"","meta":{"footnotes":""},"class_list":["post-1476","page","type-page","status-publish","hentry"],"blocksy_meta":{"styles_descriptor":{"styles":{"desktop":"","tablet":"","mobile":""},"google_fonts":[],"version":6}},"aioseo_notices":[],"yoast_head":"<!-- This site is optimized with the Yoast SEO plugin v23.9 - https:\/\/yoast.com\/wordpress\/plugins\/seo\/ -->\n<title>Pol\u00edtica de SST - Avelinorte<\/title>\n<meta name=\"robots\" content=\"index, follow, max-snippet:-1, max-image-preview:large, max-video-preview:-1\" \/>\n<link rel=\"canonical\" href=\"https:\/\/retail.alojar.pt\/avelinorte\/politica-de-sst\/\" \/>\n<meta property=\"og:locale\" content=\"pt_PT\" \/>\n<meta property=\"og:type\" content=\"article\" \/>\n<meta property=\"og:title\" content=\"Pol\u00edtica de SST - Avelinorte\" \/>\n<meta property=\"og:description\" content=\"POL\u00cdTICA DE SEGURAN\u00c7A E SA\u00daDE NO TRABALHO A Pol\u00edtica e os princ\u00edpios basilares da Avelinorte, no dom\u00ednio da seguran\u00e7a e sa\u00fade no trabalho, s\u00e3o permanentemente atualizados, consubstanciando esta miss\u00e3o num dos pilares cruciais da gest\u00e3o empresarial, manifestando-se, em todas as decis\u00f5es tomadas pela Organiza\u00e7\u00e3o. Nunca menosprezando a import\u00e2ncia e relev\u00e2ncia do setor no qual desenvolve [&hellip;]\" \/>\n<meta property=\"og:url\" content=\"https:\/\/retail.alojar.pt\/avelinorte\/politica-de-sst\/\" \/>\n<meta property=\"og:site_name\" content=\"Avelinorte\" \/>\n<meta property=\"article:modified_time\" content=\"2023-01-29T20:25:43+00:00\" \/>\n<meta name=\"twitter:card\" content=\"summary_large_image\" \/>\n<meta name=\"twitter:label1\" content=\"Tempo estimado de leitura\" \/>\n\t<meta name=\"twitter:data1\" content=\"2 minutos\" \/>\n<script type=\"application\/ld+json\" class=\"yoast-schema-graph\">{\"@context\":\"https:\/\/schema.org\",\"@graph\":[{\"@type\":\"WebPage\",\"@id\":\"https:\/\/retail.alojar.pt\/avelinorte\/politica-de-sst\/\",\"url\":\"https:\/\/retail.alojar.pt\/avelinorte\/politica-de-sst\/\",\"name\":\"Pol\u00edtica de SST - Avelinorte\",\"isPartOf\":{\"@id\":\"https:\/\/retail.alojar.pt\/avelinorte\/#website\"},\"datePublished\":\"2023-01-29T20:22:24+00:00\",\"dateModified\":\"2023-01-29T20:25:43+00:00\",\"breadcrumb\":{\"@id\":\"https:\/\/retail.alojar.pt\/avelinorte\/politica-de-sst\/#breadcrumb\"},\"inLanguage\":\"pt-PT\",\"potentialAction\":[{\"@type\":\"ReadAction\",\"target\":[\"https:\/\/retail.alojar.pt\/avelinorte\/politica-de-sst\/\"]}]},{\"@type\":\"BreadcrumbList\",\"@id\":\"https:\/\/retail.alojar.pt\/avelinorte\/politica-de-sst\/#breadcrumb\",\"itemListElement\":[{\"@type\":\"ListItem\",\"position\":1,\"name\":\"In\u00edcio\",\"item\":\"https:\/\/retail.alojar.pt\/avelinorte\/\"},{\"@type\":\"ListItem\",\"position\":2,\"name\":\"Pol\u00edtica de SST\"}]},{\"@type\":\"WebSite\",\"@id\":\"https:\/\/retail.alojar.pt\/avelinorte\/#website\",\"url\":\"https:\/\/retail.alojar.pt\/avelinorte\/\",\"name\":\"Avelinorte\",\"description\":\"GESSO CARTONADO, PINTURAS E OUTROS REVESTIMENTOS\",\"publisher\":{\"@id\":\"https:\/\/retail.alojar.pt\/avelinorte\/#organization\"},\"potentialAction\":[{\"@type\":\"SearchAction\",\"target\":{\"@type\":\"EntryPoint\",\"urlTemplate\":\"https:\/\/retail.alojar.pt\/avelinorte\/?s={search_term_string}\"},\"query-input\":{\"@type\":\"PropertyValueSpecification\",\"valueRequired\":true,\"valueName\":\"search_term_string\"}}],\"inLanguage\":\"pt-PT\"},{\"@type\":\"Organization\",\"@id\":\"https:\/\/retail.alojar.pt\/avelinorte\/#organization\",\"name\":\"Avelinorte\",\"url\":\"https:\/\/retail.alojar.pt\/avelinorte\/\",\"logo\":{\"@type\":\"ImageObject\",\"inLanguage\":\"pt-PT\",\"@id\":\"https:\/\/retail.alojar.pt\/avelinorte\/#\/schema\/logo\/image\/\",\"url\":\"https:\/\/retail.alojar.pt\/avelinorte\/wp-content\/uploads\/sites\/5\/2024\/03\/Sem-nome-1080-x-1080-px-e1709503014737.png\",\"contentUrl\":\"https:\/\/retail.alojar.pt\/avelinorte\/wp-content\/uploads\/sites\/5\/2024\/03\/Sem-nome-1080-x-1080-px-e1709503014737.png\",\"width\":1080,\"height\":451,\"caption\":\"Avelinorte\"},\"image\":{\"@id\":\"https:\/\/retail.alojar.pt\/avelinorte\/#\/schema\/logo\/image\/\"}}]}<\/script>\n<!-- \/ Yoast SEO plugin. -->","yoast_head_json":{"title":"Pol\u00edtica de SST - Avelinorte","robots":{"index":"index","follow":"follow","max-snippet":"max-snippet:-1","max-image-preview":"max-image-preview:large","max-video-preview":"max-video-preview:-1"},"canonical":"https:\/\/retail.alojar.pt\/avelinorte\/politica-de-sst\/","og_locale":"pt_PT","og_type":"article","og_title":"Pol\u00edtica de SST - Avelinorte","og_description":"POL\u00cdTICA DE SEGURAN\u00c7A E SA\u00daDE NO TRABALHO A Pol\u00edtica e os princ\u00edpios basilares da Avelinorte, no dom\u00ednio da seguran\u00e7a e sa\u00fade no trabalho, s\u00e3o permanentemente atualizados, consubstanciando esta miss\u00e3o num dos pilares cruciais da gest\u00e3o empresarial, manifestando-se, em todas as decis\u00f5es tomadas pela Organiza\u00e7\u00e3o. Nunca menosprezando a import\u00e2ncia e relev\u00e2ncia do setor no qual desenvolve [&hellip;]","og_url":"https:\/\/retail.alojar.pt\/avelinorte\/politica-de-sst\/","og_site_name":"Avelinorte","article_modified_time":"2023-01-29T20:25:43+00:00","twitter_card":"summary_large_image","twitter_misc":{"Tempo estimado de leitura":"2 minutos"},"schema":{"@context":"https:\/\/schema.org","@graph":[{"@type":"WebPage","@id":"https:\/\/retail.alojar.pt\/avelinorte\/politica-de-sst\/","url":"https:\/\/retail.alojar.pt\/avelinorte\/politica-de-sst\/","name":"Pol\u00edtica de SST - Avelinorte","isPartOf":{"@id":"https:\/\/retail.alojar.pt\/avelinorte\/#website"},"datePublished":"2023-01-29T20:22:24+00:00","dateModified":"2023-01-29T20:25:43+00:00","breadcrumb":{"@id":"https:\/\/retail.alojar.pt\/avelinorte\/politica-de-sst\/#breadcrumb"},"inLanguage":"pt-PT","potentialAction":[{"@type":"ReadAction","target":["https:\/\/retail.alojar.pt\/avelinorte\/politica-de-sst\/"]}]},{"@type":"BreadcrumbList","@id":"https:\/\/retail.alojar.pt\/avelinorte\/politica-de-sst\/#breadcrumb","itemListElement":[{"@type":"ListItem","position":1,"name":"In\u00edcio","item":"https:\/\/retail.alojar.pt\/avelinorte\/"},{"@type":"ListItem","position":2,"name":"Pol\u00edtica de SST"}]},{"@type":"WebSite","@id":"https:\/\/retail.alojar.pt\/avelinorte\/#website","url":"https:\/\/retail.alojar.pt\/avelinorte\/","name":"Avelinorte","description":"GESSO CARTONADO, PINTURAS E OUTROS REVESTIMENTOS","publisher":{"@id":"https:\/\/retail.alojar.pt\/avelinorte\/#organization"},"potentialAction":[{"@type":"SearchAction","target":{"@type":"EntryPoint","urlTemplate":"https:\/\/retail.alojar.pt\/avelinorte\/?s={search_term_string}"},"query-input":{"@type":"PropertyValueSpecification","valueRequired":true,"valueName":"search_term_string"}}],"inLanguage":"pt-PT"},{"@type":"Organization","@id":"https:\/\/retail.alojar.pt\/avelinorte\/#organization","name":"Avelinorte","url":"https:\/\/retail.alojar.pt\/avelinorte\/","logo":{"@type":"ImageObject","inLanguage":"pt-PT","@id":"https:\/\/retail.alojar.pt\/avelinorte\/#\/schema\/logo\/image\/","url":"https:\/\/retail.alojar.pt\/avelinorte\/wp-content\/uploads\/sites\/5\/2024\/03\/Sem-nome-1080-x-1080-px-e1709503014737.png","contentUrl":"https:\/\/retail.alojar.pt\/avelinorte\/wp-content\/uploads\/sites\/5\/2024\/03\/Sem-nome-1080-x-1080-px-e1709503014737.png","width":1080,"height":451,"caption":"Avelinorte"},"image":{"@id":"https:\/\/retail.alojar.pt\/avelinorte\/#\/schema\/logo\/image\/"}}]}},"rttpg_featured_image_url":null,"rttpg_author":{"display_name":"anapeixoto","author_link":"https:\/\/retail.alojar.pt\/avelinorte\/author\/anapeixoto\/"},"rttpg_comment":0,"rttpg_category":null,"rttpg_excerpt":"POL\u00cdTICA DE SEGURAN\u00c7A E SA\u00daDE NO TRABALHO A Pol\u00edtica e os princ\u00edpios basilares da Avelinorte, no dom\u00ednio da seguran\u00e7a e sa\u00fade no trabalho, s\u00e3o permanentemente atualizados, consubstanciando esta miss\u00e3o num dos pilares cruciais da gest\u00e3o empresarial, manifestando-se, em todas as decis\u00f5es tomadas pela Organiza\u00e7\u00e3o. Nunca menosprezando a import\u00e2ncia e relev\u00e2ncia do setor no qual desenvolve&hellip;","_links":{"self":[{"href":"https:\/\/retail.alojar.pt\/avelinorte\/wp-json\/wp\/v2\/pages\/1476","targetHints":{"allow":["GET"]}}],"collection":[{"href":"https:\/\/retail.alojar.pt\/avelinorte\/wp-json\/wp\/v2\/pages"}],"about":[{"href":"https:\/\/retail.alojar.pt\/avelinorte\/wp-json\/wp\/v2\/types\/page"}],"author":[{"embeddable":true,"href":"https:\/\/retail.alojar.pt\/avelinorte\/wp-json\/wp\/v2\/users\/7"}],"replies":[{"embeddable":true,"href":"https:\/\/retail.alojar.pt\/avelinorte\/wp-json\/wp\/v2\/comments?post=1476"}],"version-history":[{"count":7,"href":"https:\/\/retail.alojar.pt\/avelinorte\/wp-json\/wp\/v2\/pages\/1476\/revisions"}],"predecessor-version":[{"id":1486,"href":"https:\/\/retail.alojar.pt\/avelinorte\/wp-json\/wp\/v2\/pages\/1476\/revisions\/1486"}],"wp:attachment":[{"href":"https:\/\/retail.alojar.pt\/avelinorte\/wp-json\/wp\/v2\/media?parent=1476"}],"curies":[{"name":"wp","href":"https:\/\/api.w.org\/{rel}","templated":true}]}}