{"id":1230,"date":"2022-10-16T16:40:53","date_gmt":"2022-10-16T16:40:53","guid":{"rendered":"https:\/\/retail.alojar.pt\/avelinorte\/?page_id=1230"},"modified":"2023-03-12T22:54:49","modified_gmt":"2023-03-12T22:54:49","slug":"orcamentos","status":"publish","type":"page","link":"https:\/\/retail.alojar.pt\/avelinorte\/orcamentos\/","title":{"rendered":"Or\u00e7amentos"},"content":{"rendered":"\t\t<div data-elementor-type=\"wp-page\" data-elementor-id=\"1230\" class=\"elementor elementor-1230\">\n\t\t\t\t\t\t<section class=\"elementor-section elementor-top-section elementor-element elementor-element-6967d2f elementor-section-boxed elementor-section-height-default elementor-section-height-default\" data-id=\"6967d2f\" data-element_type=\"section\">\n\t\t\t\t\t\t<div class=\"elementor-container elementor-column-gap-default\">\n\t\t\t\t\t<div class=\"elementor-column elementor-col-100 elementor-top-column elementor-element elementor-element-c6ec58e\" data-id=\"c6ec58e\" data-element_type=\"column\">\n\t\t\t<div class=\"elementor-widget-wrap elementor-element-populated\">\n\t\t\t\t\t\t<div class=\"elementor-element elementor-element-ffadf0a elementor-widget elementor-widget-spacer\" data-id=\"ffadf0a\" data-element_type=\"widget\" data-widget_type=\"spacer.default\">\n\t\t\t\t<div class=\"elementor-widget-container\">\n\t\t\t\t\t<div class=\"elementor-spacer\">\n\t\t\t<div class=\"elementor-spacer-inner\"><\/div>\n\t\t<\/div>\n\t\t\t\t<\/div>\n\t\t\t\t<\/div>\n\t\t\t\t\t<\/div>\n\t\t<\/div>\n\t\t\t\t\t<\/div>\n\t\t<\/section>\n\t\t\t\t<section class=\"elementor-section elementor-top-section elementor-element elementor-element-054d76c elementor-section-boxed elementor-section-height-default elementor-section-height-default\" data-id=\"054d76c\" data-element_type=\"section\">\n\t\t\t\t\t\t<div class=\"elementor-container elementor-column-gap-default\">\n\t\t\t\t\t<div class=\"elementor-column elementor-col-100 elementor-top-column elementor-element elementor-element-a1a6631\" data-id=\"a1a6631\" data-element_type=\"column\">\n\t\t\t<div class=\"elementor-widget-wrap elementor-element-populated\">\n\t\t\t\t\t\t<div class=\"elementor-element elementor-element-5e9e99f elementor-widget elementor-widget-text-editor\" data-id=\"5e9e99f\" data-element_type=\"widget\" data-widget_type=\"text-editor.default\">\n\t\t\t\t<div class=\"elementor-widget-container\">\n\t\t\t\t\t\t\t<main id=\"PAGES_CONTAINER\" tabindex=\"-1\"><div id=\"SITE_PAGES\" class=\"_1gF1C\"><div id=\"SITE_PAGES_TRANSITION_GROUP\" class=\"_2YGAo\"><div id=\"bvpqv\" class=\"Ry26q\"><div class=\"_3K7uv\"><div id=\"Containerbvpqv\" class=\"_1KV2M\"><div class=\"\" data-mesh-id=\"ContainerbvpqvinlineContent\" data-testid=\"inline-content\"><div data-mesh-id=\"ContainerbvpqvinlineContent-gridContainer\" data-testid=\"mesh-container-content\"><section id=\"comp-kz2zh8t3\" class=\"_3d64y\"><div class=\"_1uldx\" data-testid=\"columns\"><div id=\"comp-kz2zh8ua\" class=\"_1vNJf\"><div class=\"\" data-mesh-id=\"comp-kz2zh8uainlineContent\" data-testid=\"inline-content\"><div data-mesh-id=\"comp-kz2zh8uainlineContent-gridContainer\" data-testid=\"mesh-container-content\"><div id=\"comp-kz2zh8x2\" class=\"_2Hij5 _3bcaz\" data-testid=\"richTextElement\"><p class=\"font_7\"><strong>Para qualquer informa\u00e7\u00e3o ou pedido de or\u00e7amento, preencha, por favor, o seguinte formul\u00e1rio:<\/strong><\/p><\/div><\/div><\/div><\/div><\/div><\/section><\/div><\/div><\/div><\/div><\/div><\/div><\/div><\/main>\t\t\t\t\t\t<\/div>\n\t\t\t\t<\/div>\n\t\t\t\t\t<\/div>\n\t\t<\/div>\n\t\t\t\t\t<\/div>\n\t\t<\/section>\n\t\t\t\t<section class=\"elementor-section elementor-top-section elementor-element elementor-element-35218e7 elementor-section-boxed elementor-section-height-default elementor-section-height-default\" data-id=\"35218e7\" data-element_type=\"section\">\n\t\t\t\t\t\t<div class=\"elementor-container elementor-column-gap-default\">\n\t\t\t\t\t<div class=\"elementor-column elementor-col-100 elementor-top-column elementor-element elementor-element-a6dcc75\" data-id=\"a6dcc75\" data-element_type=\"column\">\n\t\t\t<div class=\"elementor-widget-wrap elementor-element-populated\">\n\t\t\t\t\t\t<div class=\"elementor-element elementor-element-4d1ab1b elementor-widget elementor-widget-wpforms\" data-id=\"4d1ab1b\" data-element_type=\"widget\" data-widget_type=\"wpforms.default\">\n\t\t\t\t<div class=\"elementor-widget-container\">\n\t\t\t<div class=\"wpforms-container \" id=\"wpforms-1239\"><form id=\"wpforms-form-1239\" class=\"wpforms-validate wpforms-form wpforms-ajax-form\" data-formid=\"1239\" method=\"post\" enctype=\"multipart\/form-data\" action=\"\/avelinorte\/wp-json\/wp\/v2\/pages\/1230\" data-token=\"161405788b4016b8fc00bfde1ef4c138\" data-token-time=\"1777582661\"><noscript class=\"wpforms-error-noscript\">Please enable JavaScript in your browser to complete this form.<\/noscript><div class=\"wpforms-field-container\"><div id=\"wpforms-1239-field_0-container\" class=\"wpforms-field wpforms-field-name\" data-field-id=\"0\"><label class=\"wpforms-field-label\" for=\"wpforms-1239-field_0\">NIPC\/NIF (cliente) <span class=\"wpforms-required-label\">*<\/span><\/label><input type=\"text\" id=\"wpforms-1239-field_0\" class=\"wpforms-field-medium wpforms-field-required\" name=\"wpforms[fields][0]\" required><\/div><div id=\"wpforms-1239-field_3-container\" class=\"wpforms-field wpforms-field-text\" data-field-id=\"3\"><label class=\"wpforms-field-label\" for=\"wpforms-1239-field_3\">Nome (Representante do cliente)<\/label><input type=\"text\" id=\"wpforms-1239-field_3\" class=\"wpforms-field-medium\" name=\"wpforms[fields][3]\" ><\/div><div id=\"wpforms-1239-field_1-container\" class=\"wpforms-field wpforms-field-email\" data-field-id=\"1\"><label class=\"wpforms-field-label\" for=\"wpforms-1239-field_1\">Email <span class=\"wpforms-required-label\">*<\/span><\/label><input type=\"email\" id=\"wpforms-1239-field_1\" class=\"wpforms-field-medium wpforms-field-required\" name=\"wpforms[fields][1]\" spellcheck=\"false\" required><\/div><div id=\"wpforms-1239-field_7-container\" class=\"wpforms-field wpforms-field-textarea\" data-field-id=\"7\"><label class=\"wpforms-field-label\" for=\"wpforms-1239-field_7\">Mensagem  <span class=\"wpforms-required-label\">*<\/span><\/label><textarea id=\"wpforms-1239-field_7\" class=\"wpforms-field-medium wpforms-field-required\" name=\"wpforms[fields][7]\" required><\/textarea><\/div><div id=\"wpforms-1239-field_8-container\" class=\"wpforms-field wpforms-field-checkbox\" data-field-id=\"8\"><ul id=\"wpforms-1239-field_8\"><li class=\"choice-1 depth-1\"><input type=\"checkbox\" id=\"wpforms-1239-field_8_1\" name=\"wpforms[fields][8][]\" value=\"Tenho conhecimento e autorizo, de forma expressa e informada, a recolha e o tratamento dos dados, sob compromisso da Avelinorte - Gesso Cartonado e Pinturas, Lda manter a integridade e uso exclusivo das finalidades previstas.\"  ><label class=\"wpforms-field-label-inline\" for=\"wpforms-1239-field_8_1\">Tenho conhecimento e autorizo, de forma expressa e informada, a recolha e o tratamento dos dados, sob compromisso da Avelinorte - Gesso Cartonado e Pinturas, Lda manter a integridade e uso exclusivo das finalidades previstas.<\/label><\/li><\/ul><\/div><\/div><!-- .wpforms-field-container --><div class=\"wpforms-submit-container\" ><input type=\"hidden\" name=\"wpforms[id]\" value=\"1239\"><input type=\"hidden\" name=\"page_title\" value=\"\"><input type=\"hidden\" name=\"page_url\" value=\"https:\/\/retail.alojar.pt\/avelinorte\/wp-json\/wp\/v2\/pages\/1230\"><button type=\"submit\" name=\"wpforms[submit]\" id=\"wpforms-submit-1239\" class=\"wpforms-submit\" data-alt-text=\"A enviar...\" data-submit-text=\"Enviar\" aria-live=\"assertive\" value=\"wpforms-submit\">Enviar<\/button><img decoding=\"async\" src=\"https:\/\/retail.alojar.pt\/avelinorte\/wp-content\/plugins\/wpforms-lite\/assets\/images\/submit-spin.svg\" class=\"wpforms-submit-spinner\" style=\"display: none;\" width=\"26\" height=\"26\" alt=\"Loading\"><\/div><\/form><\/div>  <!-- .wpforms-container -->\t\t<\/div>\n\t\t\t\t<\/div>\n\t\t\t\t\t<\/div>\n\t\t<\/div>\n\t\t\t\t\t<\/div>\n\t\t<\/section>\n\t\t\t\t<\/div>\n\t\t","protected":false},"excerpt":{"rendered":"<p>Para qualquer informa\u00e7\u00e3o ou pedido de or\u00e7amento, preencha, por favor, o seguinte formul\u00e1rio:<\/p>\n","protected":false},"author":7,"featured_media":0,"parent":0,"menu_order":0,"comment_status":"closed","ping_status":"closed","template":"","meta":{"footnotes":""},"class_list":["post-1230","page","type-page","status-publish","hentry"],"blocksy_meta":{"styles_descriptor":{"styles":{"desktop":"","tablet":"","mobile":""},"google_fonts":[],"version":6}},"aioseo_notices":[],"yoast_head":"<!-- This site is optimized with the Yoast SEO plugin v23.9 - https:\/\/yoast.com\/wordpress\/plugins\/seo\/ -->\n<title>Or\u00e7amentos - Avelinorte<\/title>\n<meta name=\"robots\" content=\"index, follow, max-snippet:-1, max-image-preview:large, max-video-preview:-1\" \/>\n<link rel=\"canonical\" href=\"https:\/\/retail.alojar.pt\/avelinorte\/orcamentos\/\" \/>\n<meta property=\"og:locale\" content=\"pt_PT\" \/>\n<meta property=\"og:type\" content=\"article\" \/>\n<meta property=\"og:title\" content=\"Or\u00e7amentos - Avelinorte\" \/>\n<meta property=\"og:description\" content=\"Para qualquer informa\u00e7\u00e3o ou pedido de or\u00e7amento, preencha, por favor, o seguinte formul\u00e1rio:\" \/>\n<meta property=\"og:url\" content=\"https:\/\/retail.alojar.pt\/avelinorte\/orcamentos\/\" \/>\n<meta property=\"og:site_name\" content=\"Avelinorte\" \/>\n<meta property=\"article:modified_time\" content=\"2023-03-12T22:54:49+00:00\" \/>\n<meta name=\"twitter:card\" content=\"summary_large_image\" \/>\n<meta name=\"twitter:label1\" content=\"Tempo estimado de leitura\" \/>\n\t<meta name=\"twitter:data1\" content=\"1 minuto\" \/>\n<script type=\"application\/ld+json\" class=\"yoast-schema-graph\">{\"@context\":\"https:\/\/schema.org\",\"@graph\":[{\"@type\":\"WebPage\",\"@id\":\"https:\/\/retail.alojar.pt\/avelinorte\/orcamentos\/\",\"url\":\"https:\/\/retail.alojar.pt\/avelinorte\/orcamentos\/\",\"name\":\"Or\u00e7amentos - Avelinorte\",\"isPartOf\":{\"@id\":\"https:\/\/retail.alojar.pt\/avelinorte\/#website\"},\"datePublished\":\"2022-10-16T16:40:53+00:00\",\"dateModified\":\"2023-03-12T22:54:49+00:00\",\"breadcrumb\":{\"@id\":\"https:\/\/retail.alojar.pt\/avelinorte\/orcamentos\/#breadcrumb\"},\"inLanguage\":\"pt-PT\",\"potentialAction\":[{\"@type\":\"ReadAction\",\"target\":[\"https:\/\/retail.alojar.pt\/avelinorte\/orcamentos\/\"]}]},{\"@type\":\"BreadcrumbList\",\"@id\":\"https:\/\/retail.alojar.pt\/avelinorte\/orcamentos\/#breadcrumb\",\"itemListElement\":[{\"@type\":\"ListItem\",\"position\":1,\"name\":\"In\u00edcio\",\"item\":\"https:\/\/retail.alojar.pt\/avelinorte\/\"},{\"@type\":\"ListItem\",\"position\":2,\"name\":\"Or\u00e7amentos\"}]},{\"@type\":\"WebSite\",\"@id\":\"https:\/\/retail.alojar.pt\/avelinorte\/#website\",\"url\":\"https:\/\/retail.alojar.pt\/avelinorte\/\",\"name\":\"Avelinorte\",\"description\":\"GESSO CARTONADO, PINTURAS E OUTROS REVESTIMENTOS\",\"publisher\":{\"@id\":\"https:\/\/retail.alojar.pt\/avelinorte\/#organization\"},\"potentialAction\":[{\"@type\":\"SearchAction\",\"target\":{\"@type\":\"EntryPoint\",\"urlTemplate\":\"https:\/\/retail.alojar.pt\/avelinorte\/?s={search_term_string}\"},\"query-input\":{\"@type\":\"PropertyValueSpecification\",\"valueRequired\":true,\"valueName\":\"search_term_string\"}}],\"inLanguage\":\"pt-PT\"},{\"@type\":\"Organization\",\"@id\":\"https:\/\/retail.alojar.pt\/avelinorte\/#organization\",\"name\":\"Avelinorte\",\"url\":\"https:\/\/retail.alojar.pt\/avelinorte\/\",\"logo\":{\"@type\":\"ImageObject\",\"inLanguage\":\"pt-PT\",\"@id\":\"https:\/\/retail.alojar.pt\/avelinorte\/#\/schema\/logo\/image\/\",\"url\":\"https:\/\/retail.alojar.pt\/avelinorte\/wp-content\/uploads\/sites\/5\/2024\/03\/Sem-nome-1080-x-1080-px-e1709503014737.png\",\"contentUrl\":\"https:\/\/retail.alojar.pt\/avelinorte\/wp-content\/uploads\/sites\/5\/2024\/03\/Sem-nome-1080-x-1080-px-e1709503014737.png\",\"width\":1080,\"height\":451,\"caption\":\"Avelinorte\"},\"image\":{\"@id\":\"https:\/\/retail.alojar.pt\/avelinorte\/#\/schema\/logo\/image\/\"}}]}<\/script>\n<!-- \/ Yoast SEO plugin. -->","yoast_head_json":{"title":"Or\u00e7amentos - Avelinorte","robots":{"index":"index","follow":"follow","max-snippet":"max-snippet:-1","max-image-preview":"max-image-preview:large","max-video-preview":"max-video-preview:-1"},"canonical":"https:\/\/retail.alojar.pt\/avelinorte\/orcamentos\/","og_locale":"pt_PT","og_type":"article","og_title":"Or\u00e7amentos - Avelinorte","og_description":"Para qualquer informa\u00e7\u00e3o ou pedido de or\u00e7amento, preencha, por favor, o seguinte formul\u00e1rio:","og_url":"https:\/\/retail.alojar.pt\/avelinorte\/orcamentos\/","og_site_name":"Avelinorte","article_modified_time":"2023-03-12T22:54:49+00:00","twitter_card":"summary_large_image","twitter_misc":{"Tempo estimado de leitura":"1 minuto"},"schema":{"@context":"https:\/\/schema.org","@graph":[{"@type":"WebPage","@id":"https:\/\/retail.alojar.pt\/avelinorte\/orcamentos\/","url":"https:\/\/retail.alojar.pt\/avelinorte\/orcamentos\/","name":"Or\u00e7amentos - Avelinorte","isPartOf":{"@id":"https:\/\/retail.alojar.pt\/avelinorte\/#website"},"datePublished":"2022-10-16T16:40:53+00:00","dateModified":"2023-03-12T22:54:49+00:00","breadcrumb":{"@id":"https:\/\/retail.alojar.pt\/avelinorte\/orcamentos\/#breadcrumb"},"inLanguage":"pt-PT","potentialAction":[{"@type":"ReadAction","target":["https:\/\/retail.alojar.pt\/avelinorte\/orcamentos\/"]}]},{"@type":"BreadcrumbList","@id":"https:\/\/retail.alojar.pt\/avelinorte\/orcamentos\/#breadcrumb","itemListElement":[{"@type":"ListItem","position":1,"name":"In\u00edcio","item":"https:\/\/retail.alojar.pt\/avelinorte\/"},{"@type":"ListItem","position":2,"name":"Or\u00e7amentos"}]},{"@type":"WebSite","@id":"https:\/\/retail.alojar.pt\/avelinorte\/#website","url":"https:\/\/retail.alojar.pt\/avelinorte\/","name":"Avelinorte","description":"GESSO CARTONADO, PINTURAS E OUTROS REVESTIMENTOS","publisher":{"@id":"https:\/\/retail.alojar.pt\/avelinorte\/#organization"},"potentialAction":[{"@type":"SearchAction","target":{"@type":"EntryPoint","urlTemplate":"https:\/\/retail.alojar.pt\/avelinorte\/?s={search_term_string}"},"query-input":{"@type":"PropertyValueSpecification","valueRequired":true,"valueName":"search_term_string"}}],"inLanguage":"pt-PT"},{"@type":"Organization","@id":"https:\/\/retail.alojar.pt\/avelinorte\/#organization","name":"Avelinorte","url":"https:\/\/retail.alojar.pt\/avelinorte\/","logo":{"@type":"ImageObject","inLanguage":"pt-PT","@id":"https:\/\/retail.alojar.pt\/avelinorte\/#\/schema\/logo\/image\/","url":"https:\/\/retail.alojar.pt\/avelinorte\/wp-content\/uploads\/sites\/5\/2024\/03\/Sem-nome-1080-x-1080-px-e1709503014737.png","contentUrl":"https:\/\/retail.alojar.pt\/avelinorte\/wp-content\/uploads\/sites\/5\/2024\/03\/Sem-nome-1080-x-1080-px-e1709503014737.png","width":1080,"height":451,"caption":"Avelinorte"},"image":{"@id":"https:\/\/retail.alojar.pt\/avelinorte\/#\/schema\/logo\/image\/"}}]}},"rttpg_featured_image_url":null,"rttpg_author":{"display_name":"anapeixoto","author_link":"https:\/\/retail.alojar.pt\/avelinorte\/author\/anapeixoto\/"},"rttpg_comment":0,"rttpg_category":null,"rttpg_excerpt":"Para qualquer informa\u00e7\u00e3o ou pedido de or\u00e7amento, preencha, por favor, o seguinte formul\u00e1rio:","_links":{"self":[{"href":"https:\/\/retail.alojar.pt\/avelinorte\/wp-json\/wp\/v2\/pages\/1230","targetHints":{"allow":["GET"]}}],"collection":[{"href":"https:\/\/retail.alojar.pt\/avelinorte\/wp-json\/wp\/v2\/pages"}],"about":[{"href":"https:\/\/retail.alojar.pt\/avelinorte\/wp-json\/wp\/v2\/types\/page"}],"author":[{"embeddable":true,"href":"https:\/\/retail.alojar.pt\/avelinorte\/wp-json\/wp\/v2\/users\/7"}],"replies":[{"embeddable":true,"href":"https:\/\/retail.alojar.pt\/avelinorte\/wp-json\/wp\/v2\/comments?post=1230"}],"version-history":[{"count":13,"href":"https:\/\/retail.alojar.pt\/avelinorte\/wp-json\/wp\/v2\/pages\/1230\/revisions"}],"predecessor-version":[{"id":1587,"href":"https:\/\/retail.alojar.pt\/avelinorte\/wp-json\/wp\/v2\/pages\/1230\/revisions\/1587"}],"wp:attachment":[{"href":"https:\/\/retail.alojar.pt\/avelinorte\/wp-json\/wp\/v2\/media?parent=1230"}],"curies":[{"name":"wp","href":"https:\/\/api.w.org\/{rel}","templated":true}]}}